{"id":31,"date":"2012-08-07T07:11:53","date_gmt":"2012-08-07T07:11:53","guid":{"rendered":"https:\/\/legitedisgatt.it\/?page_id=31"},"modified":"2021-10-06T22:22:28","modified_gmt":"2021-10-06T20:22:28","slug":"misurunacadini","status":"publish","type":"page","link":"https:\/\/legitedisgatt.it\/?page_id=31","title":{"rendered":"Misurina \/ Cadini"},"content":{"rendered":"<p style=\"text-align: justify;\"><span style=\"color: #a52a2a;\"><em>Il <strong>Lago di Misurina <\/strong>merita una visita per il suo colore e per la corona di montagne che lo <\/em><em>circonda. Tra queste spiccano <\/em><em>i <strong>Cadini di Misurina<\/strong>, Torri tra loro collegate da ghiaioni e nevai, che possono <\/em><em>essere attraversate o lambite con gite per tutti o per esperti<\/em><em>.<\/em><\/span><\/p>\n<p style=\"text-align: justify;\"><em><span style=\"color: #3366ff;\">Lake Misurina is worth a visit for its color and for the crown of mountains surrounding it . Among these Cadini Misurina , towers interconnected by scree and snowfields , which may be crossed or lapped with rides for all or experts .<\/span><\/em><\/p>\n<p style=\"text-align: center;\"><strong>\u00a7 \u00a7 \u00a7<\/strong><\/p>\n<p style=\"text-align: justify;\"><em><span style=\"text-decoration: underline;\"><a href=\"https:\/\/legitedisgatt.it\/wp-content\/uploads\/2012\/08\/Lago-Cadini-Col-de-Varda-dal-Popena.jpg\"><img loading=\"lazy\" decoding=\"async\" class=\"alignleft size-medium wp-image-256\" title=\"Lago di Misurina, Cadini e Rif. Col de Varda dal Popena\" src=\"https:\/\/legitedisgatt.it\/wp-content\/uploads\/2012\/08\/Lago-Cadini-Col-de-Varda-dal-Popena-300x224.jpg\" alt=\"\" width=\"300\" height=\"224\" srcset=\"https:\/\/legitedisgatt.it\/wp-content\/uploads\/2012\/08\/Lago-Cadini-Col-de-Varda-dal-Popena-300x224.jpg 300w, https:\/\/legitedisgatt.it\/wp-content\/uploads\/2012\/08\/Lago-Cadini-Col-de-Varda-dal-Popena.jpg 448w\" sizes=\"auto, (max-width: 300px) 100vw, 300px\" \/><\/a>Area<\/span><\/em>: Cadini di Misurina \u2013 <strong>Col de Varda \/ Citt\u00e0 di Carpi<\/strong> <em>[intera giornata &#8211; per tutti \u2013 tre \/ quattro ore di cammino] <span style=\"color: #3366ff;\">full day &#8211; for everybody &#8211; 3-4 h<\/span><\/em><\/p>\n<p style=\"text-align: justify;\"><em><span style=\"text-decoration: underline;\">Percorso<\/span><\/em>:<\/p>\n<p style=\"text-align: justify;\">&#8211; si giunge in macchina al lago di Misurina e si parcheggia arrivando;<\/p>\n<p style=\"text-align: justify;\">-si prende la seggiovia che porta al Rif. Col de Varda e:<\/p>\n<p style=\"text-align: justify;\"><strong><em>i) <\/em><\/strong>si scende a piedi su Misurina [1\/2 giornata <em>\u2013 bambinabile; effettuata 16.8.00<\/em>]<\/p>\n<p style=\"text-align: justify;\"><strong><em>ii) <\/em><\/strong>si prende il sent. 120 [<em>dopo salita al \u201cpicco panoramico\u201d \u2013facoltativa]<\/em>, si giunge al Rif. Citt\u00e0 di Carpi (poco dislivello complessivo, ma vi \u00e8 una discesa ed una salita &#8211; 1,5 h);<\/p>\n<p style=\"text-align: justify;\"><a href=\"https:\/\/legitedisgatt.it\/wp-content\/uploads\/2012\/08\/panorama-sul-rifugio.jpg\"><img loading=\"lazy\" decoding=\"async\" class=\"alignleft size-medium wp-image-813\" title=\"panorama sul rifugio (by Paolo Cavazzoni)\" src=\"https:\/\/legitedisgatt.it\/wp-content\/uploads\/2012\/08\/panorama-sul-rifugio-199x300.jpg\" alt=\"\" width=\"199\" height=\"300\" srcset=\"https:\/\/legitedisgatt.it\/wp-content\/uploads\/2012\/08\/panorama-sul-rifugio-199x300.jpg 199w, https:\/\/legitedisgatt.it\/wp-content\/uploads\/2012\/08\/panorama-sul-rifugio.jpg 298w\" sizes=\"auto, (max-width: 199px) 100vw, 199px\" \/><\/a><\/p>\n<p style=\"text-align: justify;\">\u00a0&#8211;<em>il ritorno pu\u00f2 avere due opzioni<\/em>:<\/p>\n<p style=\"text-align: justify;\"><strong><em>a) <\/em><\/strong>per lo stesso sentiero 120, fino al Rif. Col de Varda (1,5 h) e quindi al lago di Misurina (30 min.) [<em>effettuata 7.8.06<\/em>];<\/p>\n<p style=\"text-align: justify;\"><strong><em>b)<\/em><\/strong> si torna sui propri passi sul sent. 120 e, poco dopo, si devia a sin. per sent. sempre n. 120 che diviene poi 1120 (ex 121); con una lunga discesa nei boschi, si giunge \u00a0all\u2019Albergo Cristallo (750 m. di dislivello) [<em>effettuata 10.8.92<\/em>].<\/p>\n<p style=\"text-align: justify;\"><em><span style=\"text-decoration: underline;\">Valutazioni<\/span><\/em>: Gite di media fatica, tra i boschi; panoramica al Citt\u00e0 di Carpi, e, dal Col de Varda, sul lago \u2013 la semplice discesa dal Col de Varda a Misurina \u00e8 anche per i bambini ed \u00e8 bello vedere il lago dall\u2019alto.<\/p>\n<p style=\"text-align: justify;\"><em><span style=\"color: #3366ff;\">Path: &#8211; You come by car to Misurina lake and park coming ; -you take the chairlift to Rif . Col de Varda and : i) it comes down to the foot of Misurina [ 1\/2 day &#8211; bambinabile ; carried 08\/16\/00 ] ii ) you take the felt . 120 [ after ascent to the &#8221; peak panoramic &#8221; -facoltativa ] , you reach the Rif . City of Carpi ( fairly level overall , but there is a descent and ascent &#8211; 1.5 h -the return can have two options : a) for the same path 120 , to the Rif . Col de Varda ( 1.5 h ) and then to Misurinasee ( 30 min . ) [ performed 08\/07\/06 ] ; b ) to return to where they started on the felt . 120 and , shortly after , we turn right . sent to . still no. 120 which becomes 1120 (ex 121 ) ; with a long descent in the woods , you come to the Hotel Cristallo ( 750 m . altitude) [ performed 08\/10\/92 ] . <\/span><\/em><\/p>\n<p style=\"text-align: justify;\"><em><span style=\"color: #3366ff;\">Ratings: Tours of average difficulty, in the woods ; overview of the City of Carpi , and , from the Col de Varda , the lake &#8211; the simple descent from the Col de Varda Misurina is also for children and it is nice to see the lake from above<\/span><\/em><\/p>\n<p style=\"text-align: center;\" align=\"center\"><strong>\u00a7\u00a0 \u00a7\u00a0 \u00a7<\/strong><\/p>\n<p style=\"text-align: justify;\"><em><span style=\"text-decoration: underline;\">Area<\/span><\/em>: Cadini di Misurina \u2013 Rif.\u00a0<strong>Citt\u00e0 di Carpi<\/strong>\u00a0volendo fino Rif.\u00a0<strong>Fonda Savio (sentiero Bonacossa)\u00a0<\/strong><em>[intera giornata &#8211; tre \/ cinque ore di cammino \u2013 opportuna attrezzatura da ferrata]<span style=\"color: #3366ff;\"> full day &#8211; 3-5 h &#8211; set ferrata<\/span><\/em><\/p>\n<p style=\"text-align: justify;\"><em><span style=\"text-decoration: underline;\">Percorso<\/span><\/em>:<\/p>\n<p style=\"text-align: justify;\">&#8211; si giunge in macchina al lago di Misurina e si parcheggia arrivando;<\/p>\n<p><a href=\"https:\/\/legitedisgatt.it\/wp-content\/uploads\/2012\/08\/stefano-508.jpg\"><img loading=\"lazy\" decoding=\"async\" class=\"alignright size-medium wp-image-1095\" src=\"https:\/\/legitedisgatt.it\/wp-content\/uploads\/2012\/08\/stefano-508-243x300.jpg\" alt=\"\" width=\"243\" height=\"300\" srcset=\"https:\/\/legitedisgatt.it\/wp-content\/uploads\/2012\/08\/stefano-508-243x300.jpg 243w, https:\/\/legitedisgatt.it\/wp-content\/uploads\/2012\/08\/stefano-508.jpg 336w\" sizes=\"auto, (max-width: 243px) 100vw, 243px\" \/><\/a><a href=\"https:\/\/legitedisgatt.it\/wp-content\/uploads\/2012\/08\/stefano-520.jpg\"><img loading=\"lazy\" decoding=\"async\" class=\"alignright size-medium wp-image-1097\" src=\"https:\/\/legitedisgatt.it\/wp-content\/uploads\/2012\/08\/stefano-520-225x300.jpg\" alt=\"\" width=\"225\" height=\"300\" srcset=\"https:\/\/legitedisgatt.it\/wp-content\/uploads\/2012\/08\/stefano-520-225x300.jpg 225w, https:\/\/legitedisgatt.it\/wp-content\/uploads\/2012\/08\/stefano-520-768x1024.jpg 768w\" sizes=\"auto, (max-width: 225px) 100vw, 225px\" \/><\/a>-si prende la seggiovia che porta al Rif. Col de Varda e da qui sulla sinistra, si prende il sent. 117 (\u201csentiero Alberto Bonacossa\u201d, Alta Via n. 4) e ci si dirige alla Forcella Misurina e, superando un passaggio attrezzato ripido, a quella del Diavolo (200 m. di dislivello; 45 min.);<\/p>\n<p><a href=\"https:\/\/legitedisgatt.it\/wp-content\/uploads\/2012\/08\/cadini-dal-rifugio.jpg\"><img loading=\"lazy\" decoding=\"async\" class=\"alignleft size-medium wp-image-814\" title=\"cadini dal rifugio Col de Varda (by Paolo Cavazzoni)\" src=\"https:\/\/legitedisgatt.it\/wp-content\/uploads\/2012\/08\/cadini-dal-rifugio-199x300.jpg\" alt=\"\" width=\"199\" height=\"300\" srcset=\"https:\/\/legitedisgatt.it\/wp-content\/uploads\/2012\/08\/cadini-dal-rifugio-199x300.jpg 199w, https:\/\/legitedisgatt.it\/wp-content\/uploads\/2012\/08\/cadini-dal-rifugio.jpg 298w\" sizes=\"auto, (max-width: 199px) 100vw, 199px\" \/><\/a><\/p>\n<p style=\"text-align: justify;\">&#8211; la discesa \u00e8 anch&#8217;essa ripida ed effettuata \u00a0anche grazie alle corde fisse del sentiero Bonacossa; si giunge alla sella ove c&#8217;\u00e8 un trivio (30 min):<\/p>\n<p style=\"text-align: justify;\"><em>i)<\/em> a destra, salendo per il sent. 118, si va sulla sella del Cadin della Neve e da qui si pu\u00f2 scendere al Rif. Citt\u00e0 di Carpi;<\/p>\n<p style=\"text-align: justify;\"><em>ii)<\/em> al centro si prosegue per il sentiero Bonacossa giungendo al Rif. Fonda Savio attraverso il Passo dei Tocci, in bellissima posizione al centro del gruppo dei Cadini (1 h);\u00a0-ritorno per lo stesso sentiero [1,30\/2 h; <em>effettuata\u00a0 11.8.78<\/em>]<\/p>\n<p><a href=\"https:\/\/legitedisgatt.it\/wp-content\/uploads\/2012\/08\/stefano-511.jpg\"><img loading=\"lazy\" decoding=\"async\" class=\"alignright size-medium wp-image-1096\" src=\"https:\/\/legitedisgatt.it\/wp-content\/uploads\/2012\/08\/stefano-511-225x300.jpg\" alt=\"\" width=\"225\" height=\"300\" srcset=\"https:\/\/legitedisgatt.it\/wp-content\/uploads\/2012\/08\/stefano-511-225x300.jpg 225w, https:\/\/legitedisgatt.it\/wp-content\/uploads\/2012\/08\/stefano-511.jpg 336w\" sizes=\"auto, (max-width: 225px) 100vw, 225px\" \/><\/a><em>iii) <\/em>a sinistra, scendendo per il ghiaione, per il sent. 118<em>\u00a0<\/em>si giunge al bosco, si aggira il Cadin del Diavolo fino a giungere ad un altro bivio sulla sinistra che riporta alla base della seggiovia di inizio gita [1,30 h; <em>effettuata il 14.8.15<\/em>]<\/p>\n<p style=\"text-align: justify;\"><em><span style=\"text-decoration: underline;\">Valutazioni<\/span><\/em>: merita per gustare i Cadini; bellissimo panorama; necessaria attrezzatura da ferrata; il sentiero, pur se non difficile tecnicamente, \u00e8 per\u00f2 molto scosceso e dunque l&#8217;aiuto della corda \u00e8 necessario.<\/p>\n<p style=\"text-align: justify;\"><span style=\"color: #3366ff;\"><em>Path: &#8211; You come by car to Misurinasee and park coming ; -you take the chairlift to Rif . Col de Varda and from here on the left , you take the path n . 117 ( &#8221; path Bonacossa &#8221; Alta Via n . 4 ) \u00a0<span lang=\"en\">and head to the Forcella Misurina and, overcoming a passage equipped , to that of the Forcella del Diavolo \u00a0(200 m . Altitude); the descent is too steep and made \u200b\u200bthanks to the fixed ropes of the path Bonacossa ; You reach the saddle where there is a crossroads (30 min ) : i) on the right , going up to the felt . 118 , you go on the saddle of the Cadin of Snow, and from here you can descend to Rif . City of Carpi ; ii ) the path in the center continue Bonacossa reaching the ref. Fonda Savio through the Pass of Tocci , beautiful location in the center of the group Cadini ( 1 h)\u00a0; -Return to the same path [ 1.30 \/ 2 h ; carried 11\/08\/78 ] iii ) to the left , going down the scree, to the felt . 118; arrive into the forest, around the Cadin of Devil until you reach another fork on the left that shows the base of the chairlift start outing [ 1,30 h ; made on 08.14.15 &#8211;\u00a0<\/span>Ratings: deserves to enjoy the Cadini ;\u00a0<span lang=\"en\">beautiful landscape; necessary equipment set ferrata; the path, although not technically difficult, however, is very steep and therefore, the help of the rope is necessary.<\/span><\/em><\/span><\/p>\n<p style=\"text-align: center;\" align=\"center\"><strong>\u00a7\u00a0 \u00a7\u00a0 \u00a7<\/strong><\/p>\n<p style=\"text-align: justify;\"><em><span style=\"text-decoration: underline;\"><a href=\"https:\/\/legitedisgatt.it\/wp-content\/uploads\/2012\/08\/cadini-lato-nord-ovest-verso-le-tre-cime-dal-popena.jpg\"><img loading=\"lazy\" decoding=\"async\" class=\"alignright size-medium wp-image-329\" title=\"cadini (lato nord ovest verso le tre cime) dal popena\" src=\"https:\/\/legitedisgatt.it\/wp-content\/uploads\/2012\/08\/cadini-lato-nord-ovest-verso-le-tre-cime-dal-popena-300x224.jpg\" alt=\"\" width=\"300\" height=\"224\" srcset=\"https:\/\/legitedisgatt.it\/wp-content\/uploads\/2012\/08\/cadini-lato-nord-ovest-verso-le-tre-cime-dal-popena-300x224.jpg 300w, https:\/\/legitedisgatt.it\/wp-content\/uploads\/2012\/08\/cadini-lato-nord-ovest-verso-le-tre-cime-dal-popena.jpg 448w\" sizes=\"auto, (max-width: 300px) 100vw, 300px\" \/><\/a>Area<\/span><\/em>: Cadini di Misurina \u2013 <strong>Giro dei Cadini \u00a0e \u201csentiero Bonacossa<\/strong>\u201d (Alta Via n. 4)<em> [intera giornata &#8211;\u00a0 sette ore di cammino \u2013 necessit\u00e0 di attrezzatura da ferrata] <span style=\"color: #3366ff;\">full day &#8211; 7 h &#8211; set ferrata <\/span><\/em><\/p>\n<p style=\"text-align: justify;\"><em><span style=\"text-decoration: underline;\">Percorso<\/span><\/em>:<\/p>\n<p style=\"text-align: justify;\">&#8211; si giunge in macchina al lago di Misurina e si parcheggia arrivando;<\/p>\n<p style=\"text-align: justify;\">-si prende la seggiovia che porta al Rif. Col de Varda (si sconsiglia la salita a piedi, specialmente se si deve effettuare la gita lunga) e si prende il sent. 120, per arrivare al Rif. Citt\u00e0 di Carpi (poco dislivello complessivo, ma vi \u00e8 una discesa ed una salita &#8211; 1,5 h);<\/p>\n<p style=\"text-align: justify;\"><a href=\"https:\/\/legitedisgatt.it\/wp-content\/uploads\/2012\/08\/L1003167.jpg\"><img loading=\"lazy\" decoding=\"async\" class=\"alignleft size-medium wp-image-815\" title=\"si arriva al Col de Varda, sotto i Cadini (by Paolo Cavazzoni)\" src=\"https:\/\/legitedisgatt.it\/wp-content\/uploads\/2012\/08\/L1003167-199x300.jpg\" alt=\"\" width=\"199\" height=\"300\" srcset=\"https:\/\/legitedisgatt.it\/wp-content\/uploads\/2012\/08\/L1003167-199x300.jpg 199w, https:\/\/legitedisgatt.it\/wp-content\/uploads\/2012\/08\/L1003167.jpg 298w\" sizes=\"auto, (max-width: 199px) 100vw, 199px\" \/><\/a><\/p>\n<p style=\"text-align: justify;\">-dal Rifugio Citt\u00e0 di Carpi si sale per sent. 118 verso la Forcella della Neve (circa 700 m. di dislivello), con salita su ghiaione e tratto di sentiero ferrato;<\/p>\n<p style=\"text-align: justify;\">-superata la Forcella si attraversa il nevaio <em>(se ancora presente)<\/em> all\u2019interno del Cadin delle Neve fino a raggiungere il Rif. Fonda Savio al Passo dei Tocci, in bellissima posizione al centro del gruppo dei Cadini;<\/p>\n<p style=\"text-align: justify;\">-si prosegue poi per il sent. 117 (\u201csentiero Bonacossa\u201d, Alta Via n. 4), superando la Forcella del Diavolo\u00a0\u00a0 e poi \u2013dopo sentiero ferrato \u2013 la Forcella Misurina;<\/p>\n<p style=\"text-align: justify;\">-si giunge cos\u00ec al Rif. Col de Varda ed alla fine della gita.<\/p>\n<p style=\"text-align: justify;\"><em><span style=\"text-decoration: underline;\">Valutazioni:<\/span><\/em> Il Giro dei Cadini \u00e8 magnifico ma il fatto di dover superare tre forcelle con un forte dislivello, impone di effettuarla in buona forma e allenamento. Le parti attrezzate non sono di particolare difficolt\u00e0 ma la neve e la stanchezza possono aumentarla <em>[effettuata 11.8.78].<\/em><\/p>\n<p style=\"text-align: justify;\"><em><span style=\"color: #3366ff;\">Path: &#8211; by car to Misurinasee and park coming ; -take the chairlift to Rif . Col de Varda and take the felt . 120 , to get to the Rif . City of Carpi ( fairly level overall , but there is a descent and ascent &#8211; 1.5 h ) ; -from Refuge Citt\u00e0 di Carpi go up sent. 118 towards Forcella della Neve ( approximately 700 m . In altitude ) , with slope of scree and stretch of beaten trail ; Forcella -topped cross the snowfield ( if still present ) within the Cadin of Snow up to the Rif . Fonda Savio to Passo dei Tocci , beautiful location in the center of the group of Cadini ; -it continues to sent. 117 ( &#8221; path Bonacossa &#8221; Alta Via n . 4 ) , exceeding the Devil&#8217;s Fork and then -after beaten trail &#8211; Forcella Misurina ; -you thus comes to Rif . Col de Varda and at the end of the trip . <\/span><\/em><\/p>\n<p style=\"text-align: justify;\"><em><span style=\"color: #3366ff;\">Ratings: The Giro\u00a0dei Cadini is magnificent but the fact of having to pass three forks with a steep gradient , requires implementation in good shape and workout . The parts are equipped not particularly difficult but the snow and fatigue may increase it [ performed 11\/08\/78 ]<\/span><\/em><\/p>\n","protected":false},"excerpt":{"rendered":"<p>Il Lago di Misurina merita una visita per il suo colore e per la corona di montagne che lo circonda. Tra queste spiccano i Cadini di Misurina, Torri tra loro collegate da ghiaioni e nevai, che possono essere attraversate o &hellip; <a href=\"https:\/\/legitedisgatt.it\/?page_id=31\">Continua a leggere<span class=\"meta-nav\">&rarr;<\/span><\/a><\/p>\n","protected":false},"author":1,"featured_media":0,"parent":0,"menu_order":0,"comment_status":"closed","ping_status":"closed","template":"","meta":{"footnotes":""},"class_list":["post-31","page","type-page","status-publish","hentry"],"_links":{"self":[{"href":"https:\/\/legitedisgatt.it\/index.php?rest_route=\/wp\/v2\/pages\/31","targetHints":{"allow":["GET"]}}],"collection":[{"href":"https:\/\/legitedisgatt.it\/index.php?rest_route=\/wp\/v2\/pages"}],"about":[{"href":"https:\/\/legitedisgatt.it\/index.php?rest_route=\/wp\/v2\/types\/page"}],"author":[{"embeddable":true,"href":"https:\/\/legitedisgatt.it\/index.php?rest_route=\/wp\/v2\/users\/1"}],"replies":[{"embeddable":true,"href":"https:\/\/legitedisgatt.it\/index.php?rest_route=%2Fwp%2Fv2%2Fcomments&post=31"}],"version-history":[{"count":20,"href":"https:\/\/legitedisgatt.it\/index.php?rest_route=\/wp\/v2\/pages\/31\/revisions"}],"predecessor-version":[{"id":1602,"href":"https:\/\/legitedisgatt.it\/index.php?rest_route=\/wp\/v2\/pages\/31\/revisions\/1602"}],"wp:attachment":[{"href":"https:\/\/legitedisgatt.it\/index.php?rest_route=%2Fwp%2Fv2%2Fmedia&parent=31"}],"curies":[{"name":"wp","href":"https:\/\/api.w.org\/{rel}","templated":true}]}}